late the greatest common divisor of g and l.
8
Let q(o) = 7*o**2 - 7*o - 7. Let y be q(8). What is the highest common divisor of y and 14?
7
Suppose 2*f - j = f + 152, -f + 149 = -4*j. What is the highest common divisor of f and 17?
17
Suppose 385 = 22*q - 99. Calculate the greatest common divisor of q and 693.
11
Let x be (16 - 18)/(8/(-1116)). Let w(k) = 3*k + 4 + 0*k**2 + 3*k**2 + k**2. Let o be w(-3). What is the greatest common factor of o and x?
31
Let p = 0 - -3. Let f = p - 1. Suppose -f*j = -3*j + 132. What is the highest common divisor of 12 and j?
12
Let p = -309 + 369. Calculate the greatest common factor of p and 84.
12
Let i(k) = 5*k**2 + 15*k + 176. Let h be i(-13). Calculate the greatest common divisor of 28 and h.
14
Let z = 2 + 13. Let c(b) = -b**2 + 11*b - 12. Let i be c(8). Let n be (-40)/i*(1 + -4). What is the greatest common factor of n and z?
5
Suppose -4327 = -2*p - 4323. What is the highest common factor of 14 and p?
2
Suppose 3*x = -12, -3*x + 6*x = -3*o + 18. Suppose 4*f = -4, o*n - 736 = 5*n - 4*f. What is the highest common divisor of n and 37?
37
Let a(d) = d**2 - d + 3. Let y be a(-5). Suppose 1056 = 6*l - 2*l. Calculate the highest common factor of l and y.
33
Suppose 14*j - 199 = 53. Calculate the highest common factor of j and 2934.
18
Suppose -5*v - 42 = -82. Let b(x) be the first derivative of x**4/4 - 13*x**3/3 + 8*x**2 + 6. Let p be b(12). Calculate the greatest common divisor of v and p.
8
Let c = -866 - -1096. Calculate the greatest common factor of 50 and c.
10
Let n(y) = 3*y - 19. Let p be n(7). Suppose p*f + 3*s = 72, s = 3*f - 0*s - 97. What is the highest common factor of 22 and f?
11
Suppose -5*i + 3*i + 8 = 0. Suppose -i*k - 80 = -9*k. Calculate the greatest common factor of k and 2.
2
Let o(w) = -6*w + 2. Let r(c) = 18*c - 7. Let t(g) = 7*o(g) + 2*r(g). Let z be t(-1). Let s = -17 + 65. Calculate the greatest common divisor of z and s.
6
Let u(i) = i**2 - i - 10. Let k be u(-4). Suppose -5*t + k = 0, 3*o + 2*t = -0*t + 109. Let h = 2 - -5. Calculate the greatest common divisor of h and o.
7
Suppose 3*b - 43*y - 293 = -44*y, 378 = 4*b - 5*y. What is the highest common factor of 1 and b?
1
Let x(j) = 46*j**3 - j**2 + 3*j - 2. Let d be x(1). What is the greatest common divisor of d and 23?
23
Let q = 543 + -300. Let s(f) = -20*f - 213. Let y be s(-12). Calculate the highest common factor of q and y.
27
Suppose -54*u - 120 = -58*u. What is the highest common factor of 15 and u?
15
Let s be (4 - (-120)/(-18))/((-2)/3). Suppose j = -s*j + 420. What is the greatest common factor of j and 12?
12
Let u = -1260 - -1264. Let x(t) = t**2 - t + 6. Let k be x(-5). Calculate the greatest common factor of k and u.
4
Let x(h) = 5*h**3 - h**2 + h - 1. Let m be x(1). Let p = -153 + 217. Suppose 0 = -6*i + m*i + p. Calculate the greatest common factor of i and 48.
16
Let y = 24 - 19. Let u = 1 + y. What is the greatest common factor of 24 and u?
6
Let j(y) = y**2 + 9*y + 32. Let n be j(-5). What is the greatest common divisor of 708 and n?
12
Let n(t) = 3*t**2 - 9*t - 295. Let g be n(16). Calculate the greatest common divisor of 188 and g.
47
Suppose -3*x + 7*x = 112. Let o be (-4)/6 - x/(-6). Suppose 4*q - 12 = o*a, 11 + 12 = -a + 5*q. What is the highest common divisor of a and 1?
1
Let c(v) = -v**2 + 8*v + 4. Let g be c(7). Suppose 4*h + 3*r - 7 = 0, h - 5*r - g = 2*h. Let f = -2 - -4. Calculate the greatest common factor of f and h.
2
Suppose -3*i + 3052 = -5*p, 5136 = 5*i + 6*p - 2*p. What is the highest common divisor of i and 32?
32
Let t(f) be the second derivative of -f**5/20 - f**4/6 - 2*f**3/3 - 3*f**2/2 + 35*f. Let q be t(-3). Calculate the highest common divisor of q and 4.
2
Let h(f) be the first derivative of -f**3/3 - 15*f**2/2 - 51*f + 28. Let x be h(-9). What is the greatest common divisor of x and 24?
3
Suppose -3157 = -41*n + 34*n. Calculate the greatest common divisor of 82 and n.
41
Let k be (2 + 4)*(1 - 0). Suppose -5*r = 287 + 73. Let t = r - -126. Calculate the greatest common factor of t and k.
6
Suppose 353 = 5*f + 2*p, -p = -5*f + 3*p + 329. Let v = f + -49. What is the highest common divisor of 220 and v?
20
Let k(a) = a**2 - 13*a + 6. Let u be k(13). Suppose -345 = -u*s + 231. What is the highest common divisor of 12 and s?
12
Let r be (180 - 0) + 2 - -2. Let t = r - 67. Suppose 5*h - 58 = 7. Calculate the highest common divisor of t and h.
13
Suppose 4628 + 1252 = 3*w. What is the greatest common divisor of w and 112?
56
Let q(n) = 20*n - 157. Let x be q(11). Calculate the highest common factor of 105 and x.
21
Let n(u) = -u**3 - 12*u**2 - 26*u - 30. Let r be n(-10). Calculate the highest common divisor of 330 and r.
30
Suppose 1095 = 26*j - 465. What is the greatest common divisor of j and 105?
15
Let w = 204 + -84. Let l = 8488 + -8458. What is the highest common divisor of w and l?
30
Suppose 0 = x - 4*k - 17 - 64, 4*x = -k + 256. What is the greatest common divisor of x and 143?
13
Let y = 923 - 650. Let i = 405 - y. What is the greatest common divisor of 12 and i?
12
Let j be -19 - (-1 + -2) - -2. Let l = 104 + j. Let k(n) = 16*n**2 - n. Let g be k(1). Calculate the greatest common divisor of l and g.
15
Let k be 3/7 + 0 + (-140800)/(-224). Calculate the greatest common divisor of 37 and k.
37
Let z = -29 - -101. Suppose 31*p - 925 + 181 = 0. Calculate the greatest common divisor of z and p.
24
Let n be 48528/99 + 10/(-55). Calculate the highest common factor of 10 and n.
10
Let r(g) = g**2 + 2*g - 29. Let f be r(6). Calculate the highest common divisor of f and 418.
19
Suppose -2*p = 3*p + 10, 3*i + 5*p = 290. Let b = 10 + i. What is the greatest common factor of 10 and b?
10
Let m = 170 + -60. Suppose 9*r + m - 515 = 0. What is the highest common factor of 15 and r?
15
Suppose 4 = 5*h + 3*i + 3, 4*h - i - 11 = 0. Suppose -3*t + 40 = t. What is the greatest common factor of t and h?
2
Suppose -2*h + 0 + 14 = 0. Let j be (h - 2 - -2) + -4. Calculate the greatest common factor of 12 and j.
3
Let l(q) = q**2 - q + 3. Let b be l(0). Let v be (-2)/((-4)/78)*b/9. What is the greatest common factor of 26 and v?
13
Let x be (189/105)/(6/1000). Calculate the greatest common divisor of 108 and x.
12
Suppose 3*b + 2 = -22. Let l be 65/(-26)*b/(-10). Let o(t) = -t**3 + 2*t + 2. Let f be o(l). Calculate the greatest common divisor of f and 24.
6
Suppose -20 = 95*v - 99*v. Suppose 2*x = -4*c + 22, 2*c - x - v + 0 = 0. Calculate the greatest common factor of 88 and c.
4
Let q(u) = u**2 - 17*u + 15. Let o be q(14). Let i = -9 - o. What is the highest common factor of 18 and i?
18
Let l be 4 + 2*(-12)/(-8). Let k(x) = 13*x - 1 + 5*x**3 + 0 + 12 + 11*x**2 - 4*x**3. Let u be k(-9). What is the greatest common divisor of u and l?
7
Let c = 1408 + -1255. Calculate the highest common divisor of c and 9.
9
Let s(p) = 2*p + 23. Let x be s(6). Let k = x - 23. What is the highest common divisor of 18 and k?
6
Suppose -4*a = -4, 2*f + 4*a + 0*a = -74. Suppose 0 = 2*y + d - 1, y + 3*d - 6 = -2*y. Let u be f/y - (-1)/1. What is the highest common divisor of u and 100?
20
Suppose -6*y - 4*y = -2640. Let j be (-932)/(-28) + 4/(-14). What is the greatest common divisor of j and y?
33
Suppose 5*w - x - 31 = 24, 50 = 3*w - 4*x. What is the greatest common divisor of w and 290?
10
Let o(j) = j**2 - 12*j - 16. Let s be o(13). Let y be -3 + s + (-555)/(-5). What is the highest common divisor of 42 and y?
21
Let n = 18 - 21. Let l(m) = -m**2 - 2*m + 13. Let p be l(n). Let o = -78 + 168. Calculate the greatest common factor of p and o.
10
Suppose 4 = 3*k - 56. Suppose 2*r + 2*p + 20 + 54 = 0, -5*p + 25 = 0. Let h = -37 - r. What is the greatest common divisor of k and h?
5
Suppose 4*t = 18 + 2. Let x be (-2)/2 + t + -2. What is the highest common divisor of x and 10?
2
Let j = -1083 + 1113. Calculate the highest common factor of 165 and j.
15
Let w be -2*(3420/(-8) - 3). Suppose -3*m = -3*t - w, 4*m - 1439 = -m + t. Suppose -4*n + 135 - 7 = 0. Calculate the greatest common factor of m and n.
32
Let t be -4*(-2)/(-16)*(-2 + -2). Calculate the greatest common divisor of 1 and t.
1
Let t(u) = u**2 + 2*u + 3. Let a be t(7). Suppose 2*c - a = -c. What is the greatest common divisor of 55 and c?
11
Suppose -30 = -2*w 